is divided by (27 - 10 - 21)/(2/(-49)).
72
Let a(c) = -19*c + 20. Let q be a(-6). Let t = q + -87. Let o = t - 12. Calculate the remainder when 103 is divided by o.
33
Suppose 0 = -124*s + 150*s - 7982. What is the remainder when 615 is divided by s?
1
Suppose -u - 180 = -6*u - 4*z, -5*z + 153 = 4*u. Calculate the remainder when 167 is divided by u.
7
Let u(z) = -36*z - 5 + 44*z - 16 - 25*z. Calculate the remainder when u(-6) is divided by 21.
18
Calculate the remainder when 2*(821 - 3) + (-15 - -10) is divided by 43.
40
Suppose x - 18 = 12*n - 27*n - 7, -2*x = 8. Let m(w) = -w**2 + 1. Calculate the remainder when n is divided by m(0).
0
Calculate the remainder when 1920 is divided by ((-21)/42)/((-19)/1710).
30
Let m = 303 - 289. Calculate the remainder when 354 is divided by m.
4
Suppose 0 = 4*p - 12, 0*o + 3*o - 4*p - 216 = 0. Suppose -o = -3*x - 1. Calculate the remainder when 117 is divided by x.
17
Let f(v) = -202*v - 961. Calculate the remainder when f(-5) is divided by 3.
1
Let u(a) = 28*a**3 + 8*a**2 - 3*a + 6. Calculate the remainder when u(4) is divided by 24.
18
Let y(g) = g - 11. Let p be y(20). Suppose p*f + 10*f - 1938 = 0. What is the remainder when f is divided by 23?
10
Let p = -698 - -731. Suppose -5*j + 181 = -359. Calculate the remainder when j is divided by p.
9
Let t = 1490 + -795. What is the remainder when t is divided by 27?
20
Let m = 78 - -484. Suppose -2*o + 4*u = -220, -u - 3*u - m = -5*o. What is the remainder when o is divided by 49?
16
Suppose 8 = 2*x, 9*n - x = 6*n - 4. Suppose 2*i = 0, i + n*i - 17 = -o. Calculate the remainder when 186 is divided by o.
16
Suppose -11162*r + 11145*r + 1241 = 0. What is the remainder when r is divided by 28?
17
Let i(t) = -9*t**2 + t**3 + 34*t - 8*t**2 - 38 - 47*t. Calculate the remainder when i(18) is divided by 28.
24
Let i be (-1)/((-8)/16) + (-906)/(-3). Suppose -56*k - i = -1200. Calculate the remainder when 35 is divided by k.
3
Let c = 1394 + -919. Calculate the remainder when c is divided by 116.
11
Suppose 4*r = 16 + 36. Suppose -r*j + 88 = -55. What is the remainder when j is divided by 7?
4
Suppose 3*k + 0*k - 33 = -5*s, 3*s = -9. What is the remainder when 1563/21 + (-447)/1043 is divided by k?
10
Let i = -3 + 8. Suppose 0 = 81*x + 48*x - 1762 - 2366. What is the remainder when x is divided by i?
2
Suppose -2*q - 17 = -3*q. Let a be (12/(-18))/(2/(-12)). Suppose a*d + 4 = 340. Calculate the remainder when d is divided by q.
16
Suppose -4*x = -4, 2*v - 95 = 47*x - 48*x. What is the remainder when 144 is divided by v?
3
Let t be (23 - 1/1)/2. Let n(u) = 4*u + 9. What is the remainder when 4/(-24)*-39*32 is divided by n(t)?
49
Calculate the remainder when 2750 is divided by -8 - (-64 + -1 - (-7)/(7/3)).
50
Suppose -372*o = -370*o + 70. Let m = 78 - -31. Let a = m + o. What is the remainder when a is divided by 38?
36
Suppose -2*v - 5 = -5*h - 6, 5*v - 13 = 2*h. Let k(w) = 172*w**2 + w. What is the remainder when k(h) is divided by 25?
23
Let h = 44 + -45. Let w(r) = -r - 1. Let f(x) = -4*x - 23. Let d(y) = h*f(y) + 3*w(y). What is the remainder when 20 is divided by d(-13)?
6
Let p(d) = d**2 + 32*d - 223. Let c be p(-38). Let z(t) = 41*t - 55. What is the remainder when z(c) is divided by 40?
30
Let i be ((-14)/(-21))/(4/12). Suppose 5*b = d - 64, -i*d - 6*b + 142 = -9*b. What is the remainder when d is divided by 19?
17
What is the remainder when (-5 + 2745/20)*(-2 - -6) is divided by 261?
7
Let f = 9490 + -9339. Let t(c) = c**2 - 3*c - 2. Calculate the remainder when f is divided by t(7).
21
Suppose 1348 - 748 = 15*t. Calculate the remainder when 65 is divided by t.
25
Suppose -3 = -12*q + 33. Suppose -3*i + 4*i = q. Calculate the remainder when 5 is divided by 6 - (i + 3 + -2).
1
Let s(d) = -32*d**2 + 983*d - 664. What is the remainder when -1*254*2/(-4) is divided by s(30)?
23
Suppose 5*i - 144 = -2*n + 351, i - 102 = -n. Suppose 0 = -t - 4*w - 0*w + i, 4*w - 331 = -3*t. What is the remainder when t is divided by 63?
54
Calculate the remainder when 2 + 7427/9 - (187/153 + -1) is divided by 127.
65
Let f(g) = g**2 + 3*g - 13. Let i be f(-5). Let n be (1 - 4)/(3/(-72)) - i. Let q = -24 + n. What is the remainder when 201 is divided by q?
48
Let o = -6 - -14. Let v = 5717 + -5455. Calculate the remainder when v is divided by o.
6
Calculate the remainder when 696 is divided by 45/(-9) + -12*(-14 - 1).
171
Suppose -3 = -4*n - 5*j + 7, -15 = -n + 5*j. Suppose 28 - 8 = n*w. Suppose 3*s = -3*v + 36, 4*s = -s - w*v + 61. Calculate the remainder when s is divided by 8.
5
Let b = 904 + -592. Let d = b + -271. What is the remainder when d is divided by 24?
17
Let u(i) = -i**2 + 9*i + 224. Calculate the remainder when 252 is divided by u(15).
118
Suppose f - 36 = -3*f. Let j = -96 - -93. Calculate the remainder when (-11)/(j/6*2) is divided by f.
2
Suppose -4389 - 9156 = 35*z. Let d = z - -398. Suppose 2*j + 6 = l, -3*l - 8 + 23 = -3*j. What is the remainder when d is divided by l?
3
Suppose 25 = i + 2*h, -2*i + 4*i - h = 30. Suppose i = -v + 11. Calculate the remainder when ((-9)/v)/((30/(-44))/(-5)) is divided by 3.
2
Suppose 11*s = 8*s + 90. Let x = -2372 + 2516. What is the remainder when x is divided by s?
24
Suppose 371*l - 335*l - 5688 = 0. What is the remainder when l is divided by 5?
3
Suppose -555 = 2*m - 6*m - 3*p, 130 = m - p. Suppose m*i = 147*i - 5592. Calculate the remainder when i is divided by 9.
7
Let d = 24 + -22. Let y(t) = 3*t + 3*t**2 + d*t - 8*t + 6 - 2*t**2. Calculate the remainder when y(5) is divided by 9.
7
Let c = 2455 + -2438. Calculate the remainder when 661 is divided by c.
15
Let r(f) = f**3 - 11*f**2 - 3*f + 16. Let y be r(12). Suppose y - 34 = 5*h. Let g(w) = 53*w. Calculate the remainder when g(1) is divided by h.
17
Suppose 0 = 6*j + 13 - 55. Calculate the remainder when 21 + j/((-42)/(-36)) is divided by 15.
12
Suppose -11205 = -4*a + 3*n, 2824 = a - 90*n + 86*n. Calculate the remainder when a is divided by 9.
6
Let l(i) = 2*i**2 + 71*i - 92. Let z(f) = -5*f**2 - 208*f + 275. Let c(w) = -11*l(w) - 4*z(w). What is the remainder when 111 is divided by c(23)?
3
Let y = -29 + 50. Let d(x) = -y - 3*x - 3 + 3 + 0. Calculate the remainder when 96 is divided by d(-18).
30
Let c be 8/(-20) + (-126)/(-15). Suppose 3*o + 0*t = t + 1109, c = -4*t. Let f = 528 - o. Calculate the remainder when f is divided by 23.
21
Let z be (-6 + 12 + -6)/(-2 - -1). Suppose -2*n - 7 + 135 = z. Calculate the remainder when n is divided by 35.
29
Suppose 340 = -v + 6*v. Calculate the remainder when v is divided by (-2793)/(-4655) - (-384)/10.
29
Let d = -92 - -125. Let q be ((-176)/48)/((-2)/108). Let u = -67 + q. What is the remainder when u is divided by d?
32
Suppose -2*o - 63 = -3*r - 0*o, 4*o = -4*r + 104. Let a = -27 + 40. Let h(j) = -j**3 + 14*j**2 - 7*j - 13. Calculate the remainder when h(a) is divided by r.
19
Let q = -789 - -861. Calculate the remainder when 260 is divided by q.
44
Let n(y) = -y**2 - y - 1. Let o(b) = 7*b**2 + 7*b - 26. Let f(v) = 5*n(v) + o(v). What is the remainder when f(5) is divided by 6?
5
Let g(z) be the third derivative of z**5/3 + z**4/8 + 5*z**3/3 + 104*z**2. Calculate the remainder when g(-2) is divided by 8.
4
Calculate the remainder when -35 - -172 - (3 - 4)*2 is divided by 38.
25
Suppose -o + 26*g = 27*g - 42, -4*o + 5*g + 159 = 0. Suppose 0 = -17*w + 5*w + 1440. What is the remainder when w is divided by o?
38
Let c = 2775 + -2136. Calculate the remainder when c is divided by 36.
27
Let k(q) = -45*q + 33. Let m be k(-7). Let g = 381 - m. What is the remainder when 61 is divided by g?
28
Let h = 28960 + -28868. Calculate the remainder when 2423 is divided by h.
31
Let d = 73 - 182. Let j = d + 117. Let b(t) = 3*t**2 - 6*t - 9. Calculate the remainder when b(j) is divided by 35.
30
Suppose -4*k = 3*f + 581 - 1513, 5*k - 619 = -2*f. Let n = 637 - f. Suppose 901 = 18*d + n. Calculate the remainder when d is divided by 11.
10
Let l be -3*-12*(-4)/36. Calculate the remainder when l/(-4 + -3 + (-1158)/(-166)) is divided by 42.
40
Let i = 459 - 332. What is the remainder when i is divided by ((-11)/22)/((-1)/64)?
31
Calculate the remainder when (510 + -508)*2*302/4 is divided by 58.
12
Let t(n) be the third derivative of 3*n**5/20 